{"id":33,"date":"2016-11-26T15:21:11","date_gmt":"2016-11-26T15:21:11","guid":{"rendered":"http:\/\/xn--chrbeli-braunwald-sqb.ch\/?page_id=33"},"modified":"2019-11-25T14:54:12","modified_gmt":"2019-11-25T13:54:12","slug":"home","status":"publish","type":"page","link":"https:\/\/xn--chrbeli-braunwald-sqb.ch\/","title":{"rendered":"Ferien in Braunwald"},"content":{"rendered":"<p><img loading=\"lazy\" class=\"alignright wp-image-65 size-medium\" src=\"https:\/\/xn--chrbeli-braunwald-sqb.ch\/wp-content\/uploads\/2017\/04\/P3080818-300x225.jpg\" alt=\"\" width=\"300\" height=\"225\" srcset=\"https:\/\/xn--chrbeli-braunwald-sqb.ch\/wp-content\/uploads\/2017\/04\/P3080818-300x225.jpg 300w, https:\/\/xn--chrbeli-braunwald-sqb.ch\/wp-content\/uploads\/2017\/04\/P3080818-768x576.jpg 768w, https:\/\/xn--chrbeli-braunwald-sqb.ch\/wp-content\/uploads\/2017\/04\/P3080818-1024x768.jpg 1024w, https:\/\/xn--chrbeli-braunwald-sqb.ch\/wp-content\/uploads\/2017\/04\/P3080818-900x675.jpg 900w, https:\/\/xn--chrbeli-braunwald-sqb.ch\/wp-content\/uploads\/2017\/04\/P3080818.jpg 1280w\" sizes=\"(max-width: 300px) 100vw, 300px\" \/>Sie suchen eine ruhige Ferienunterkunft in den Glarner Bergen? Auf 1300 Meter \u00fcber Meer, mit bergiger Aussicht und b\u00e4umiger Umgebung? Wir vermieten die untere Wohnung mit Terrasse in unserem Chalet &#8222;Chr\u00e4beli&#8220;.<\/p>\n<p><a href=\"http:\/\/chr\u00e4beli-braunwald.ch\/?page_id=14\">Hier k\u00f6nnen Sie unsere Wohnung buchen\u00a0&#8230;<\/a><\/p>\n","protected":false},"excerpt":{"rendered":"<p>Sie suchen eine ruhige Ferienunterkunft in den Glarner Bergen? Auf 1300 Meter \u00fcber Meer, mit bergiger Aussicht und b\u00e4umiger Umgebung? Wir vermieten die untere Wohnung mit Terrasse in unserem Chalet &#8222;Chr\u00e4beli&#8220;. Hier k\u00f6nnen Sie unsere Wohnung buchen\u00a0&#8230;<\/p>\n","protected":false},"author":1,"featured_media":0,"parent":0,"menu_order":0,"comment_status":"closed","ping_status":"closed","template":"full-width-page-template.php","meta":[],"_links":{"self":[{"href":"https:\/\/xn--chrbeli-braunwald-sqb.ch\/index.php?rest_route=\/wp\/v2\/pages\/33"}],"collection":[{"href":"https:\/\/xn--chrbeli-braunwald-sqb.ch\/index.php?rest_route=\/wp\/v2\/pages"}],"about":[{"href":"https:\/\/xn--chrbeli-braunwald-sqb.ch\/index.php?rest_route=\/wp\/v2\/types\/page"}],"author":[{"embeddable":true,"href":"https:\/\/xn--chrbeli-braunwald-sqb.ch\/index.php?rest_route=\/wp\/v2\/users\/1"}],"replies":[{"embeddable":true,"href":"https:\/\/xn--chrbeli-braunwald-sqb.ch\/index.php?rest_route=%2Fwp%2Fv2%2Fcomments&post=33"}],"version-history":[{"count":11,"href":"https:\/\/xn--chrbeli-braunwald-sqb.ch\/index.php?rest_route=\/wp\/v2\/pages\/33\/revisions"}],"predecessor-version":[{"id":321,"href":"https:\/\/xn--chrbeli-braunwald-sqb.ch\/index.php?rest_route=\/wp\/v2\/pages\/33\/revisions\/321"}],"wp:attachment":[{"href":"https:\/\/xn--chrbeli-braunwald-sqb.ch\/index.php?rest_route=%2Fwp%2Fv2%2Fmedia&parent=33"}],"curies":[{"name":"wp","href":"https:\/\/api.w.org\/{rel}","templated":true}]}}