{"id":7,"date":"2016-11-26T15:05:28","date_gmt":"2016-11-26T14:05:28","guid":{"rendered":"http:\/\/xn--chrbeli-braunwald-sqb.ch\/?page_id=7"},"modified":"2020-03-09T17:46:53","modified_gmt":"2020-03-09T16:46:53","slug":"chraebeli-inventar","status":"publish","type":"page","link":"https:\/\/xn--chrbeli-braunwald-sqb.ch\/?page_id=7","title":{"rendered":"Inventar"},"content":{"rendered":"<p>In unserer Wohnung finden Sie folgende Einrichtung:<\/p>\n<ul>\n<li>Kaffeemaschine inkl. Kapseln<\/li>\n<li>Gedeck f\u00fcr 10 Personen<\/li>\n<li>Verschiedene Pfannen<\/li>\n<li>Fondue-Set<\/li>\n<li>Raclette-Set<\/li>\n<li>Brotbackmaschine<\/li>\n<li>Backofen<\/li>\n<li>5kg Waschmaschine<\/li>\n<li>Staubsauger<\/li>\n<li>Bettw\u00e4sche<\/li>\n<li>W\u00e4schest\u00e4nder<\/li>\n<\/ul>\n\n\n<p><\/p>\n","protected":false},"excerpt":{"rendered":"<p>In unserer Wohnung finden Sie folgende Einrichtung: Kaffeemaschine inkl. Kapseln Gedeck f\u00fcr 10 Personen Verschiedene Pfannen Fondue-Set Raclette-Set Brotbackmaschine Backofen 5kg Waschmaschine Staubsauger Bettw\u00e4sche W\u00e4schest\u00e4nder<\/p>\n","protected":false},"author":1,"featured_media":0,"parent":4,"menu_order":0,"comment_status":"closed","ping_status":"closed","template":"full-width-page-template.php","meta":[],"_links":{"self":[{"href":"https:\/\/xn--chrbeli-braunwald-sqb.ch\/index.php?rest_route=\/wp\/v2\/pages\/7"}],"collection":[{"href":"https:\/\/xn--chrbeli-braunwald-sqb.ch\/index.php?rest_route=\/wp\/v2\/pages"}],"about":[{"href":"https:\/\/xn--chrbeli-braunwald-sqb.ch\/index.php?rest_route=\/wp\/v2\/types\/page"}],"author":[{"embeddable":true,"href":"https:\/\/xn--chrbeli-braunwald-sqb.ch\/index.php?rest_route=\/wp\/v2\/users\/1"}],"replies":[{"embeddable":true,"href":"https:\/\/xn--chrbeli-braunwald-sqb.ch\/index.php?rest_route=%2Fwp%2Fv2%2Fcomments&post=7"}],"version-history":[{"count":6,"href":"https:\/\/xn--chrbeli-braunwald-sqb.ch\/index.php?rest_route=\/wp\/v2\/pages\/7\/revisions"}],"predecessor-version":[{"id":328,"href":"https:\/\/xn--chrbeli-braunwald-sqb.ch\/index.php?rest_route=\/wp\/v2\/pages\/7\/revisions\/328"}],"up":[{"embeddable":true,"href":"https:\/\/xn--chrbeli-braunwald-sqb.ch\/index.php?rest_route=\/wp\/v2\/pages\/4"}],"wp:attachment":[{"href":"https:\/\/xn--chrbeli-braunwald-sqb.ch\/index.php?rest_route=%2Fwp%2Fv2%2Fmedia&parent=7"}],"curies":[{"name":"wp","href":"https:\/\/api.w.org\/{rel}","templated":true}]}}